
{"id":3091,"date":"2016-04-07T14:56:00","date_gmt":"2016-04-07T17:56:00","guid":{"rendered":"http:\/\/www.talsoft.com.ar\/site\/?page_id=3091"},"modified":"2021-04-07T08:43:55","modified_gmt":"2021-04-07T11:43:55","slug":"respuesta-de-consulta-de-cotizacion","status":"publish","type":"page","link":"https:\/\/www.talsoft.com.ar\/site\/es\/respuesta-de-consulta-de-cotizacion\/","title":{"rendered":"Respuesta de consulta de cotizaci\u00f3n"},"content":{"rendered":"<p>[et_pb_section fb_built=\u00bb1&#8243; admin_label=\u00bbsection\u00bb _builder_version=\u00bb3.22&#8243;][et_pb_row admin_label=\u00bbrow\u00bb _builder_version=\u00bb3.25&#8243; background_size=\u00bbinitial\u00bb background_position=\u00bbtop_left\u00bb background_repeat=\u00bbrepeat\u00bb][et_pb_column type=\u00bb4_4&#8243; _builder_version=\u00bb3.25&#8243; custom_padding=\u00bb|||\u00bb custom_padding__hover=\u00bb|||\u00bb][et_pb_text admin_label=\u00bbText\u00bb _builder_version=\u00bb4.5.6&#8243; background_size=\u00bbinitial\u00bb background_position=\u00bbtop_left\u00bb background_repeat=\u00bbrepeat\u00bb]<\/p>\n<h2>Gracias por su consulta, le enviaremos un correo electr\u00f3nico para recordarle que agendamos su consulta para contactarlo el d\u00eda indicado, en la cual conversaremos sobre su problema y nuestra soluci\u00f3n.<\/h2>\n<p>[\/et_pb_text][\/et_pb_column][\/et_pb_row][\/et_pb_section]<\/p>\n","protected":false},"excerpt":{"rendered":"<p>Gracias por su consulta, le enviaremos un correo electr\u00f3nico para recordarle que agendamos su consulta para contactarlo el d\u00eda indicado, en la cual conversaremos sobre su problema y nuestra soluci\u00f3n.<\/p>\n","protected":false},"author":3,"featured_media":0,"parent":0,"menu_order":0,"comment_status":"closed","ping_status":"open","template":"","meta":{"_et_pb_use_builder":"on","_et_pb_old_content":"<h3>Gracias por su consulta, le enviaremos un correo electr\u00f3nico para recordarle que agendamos su consulta para contactarlo el d\u00eda indicado, en la cual conversaremos sobre su problema y nuestra soluci\u00f3n.<\/h3>\n<h3>Si usted necesita ayuda\/consulta puede contactarnos por privado a trav\u00e9s del canal de Whatsapp: <a href=\"https:\/\/wa.me\/5492235719033\">https:\/\/wa.me\/5492235719033<\/a><\/h3>","_et_gb_content_width":"","footnotes":""},"class_list":["post-3091","page","type-page","status-publish","hentry"],"_links":{"self":[{"href":"https:\/\/www.talsoft.com.ar\/site\/wp-json\/wp\/v2\/pages\/3091","targetHints":{"allow":["GET"]}}],"collection":[{"href":"https:\/\/www.talsoft.com.ar\/site\/wp-json\/wp\/v2\/pages"}],"about":[{"href":"https:\/\/www.talsoft.com.ar\/site\/wp-json\/wp\/v2\/types\/page"}],"author":[{"embeddable":true,"href":"https:\/\/www.talsoft.com.ar\/site\/wp-json\/wp\/v2\/users\/3"}],"replies":[{"embeddable":true,"href":"https:\/\/www.talsoft.com.ar\/site\/wp-json\/wp\/v2\/comments?post=3091"}],"version-history":[{"count":11,"href":"https:\/\/www.talsoft.com.ar\/site\/wp-json\/wp\/v2\/pages\/3091\/revisions"}],"predecessor-version":[{"id":6682,"href":"https:\/\/www.talsoft.com.ar\/site\/wp-json\/wp\/v2\/pages\/3091\/revisions\/6682"}],"wp:attachment":[{"href":"https:\/\/www.talsoft.com.ar\/site\/wp-json\/wp\/v2\/media?parent=3091"}],"curies":[{"name":"wp","href":"https:\/\/api.w.org\/{rel}","templated":true}]}}