
{"id":2540,"date":"2014-09-26T12:12:38","date_gmt":"2014-09-26T15:12:38","guid":{"rendered":"http:\/\/www.talsoft.com.ar\/site\/?page_id=2540"},"modified":"2025-05-28T12:16:09","modified_gmt":"2025-05-28T15:16:09","slug":"sgsi","status":"publish","type":"page","link":"https:\/\/www.talsoft.com.ar\/site\/es\/servicios\/seguridad-informatica\/sgsi\/","title":{"rendered":"Sistema de Gesti\u00f3n de la Seguridad de la Informaci\u00f3n SGSI"},"content":{"rendered":"\n[et_pb_section fb_built=\u00bb1&#8243; fullwidth=\u00bbon\u00bb _builder_version=\u00bb4.16&#8243; _module_preset=\u00bbdefault\u00bb global_colors_info=\u00bb{}\u00bb][et_pb_fullwidth_post_title meta=\u00bboff\u00bb featured_image=\u00bboff\u00bb _builder_version=\u00bb4.21.0&#8243; _module_preset=\u00bbdefault\u00bb hover_enabled=\u00bb0&#8243; global_colors_info=\u00bb{}\u00bb sticky_enabled=\u00bb0&#8243;][\/et_pb_fullwidth_post_title][\/et_pb_section][et_pb_section fb_built=\u00bb1&#8243; admin_label=\u00bbsection\u00bb _builder_version=\u00bb4.21.0&#8243; hover_enabled=\u00bb0&#8243; global_colors_info=\u00bb{}\u00bb sticky_enabled=\u00bb0&#8243;][et_pb_row column_structure=\u00bb1_2,1_2&#8243; admin_label=\u00bbrow\u00bb _builder_version=\u00bb4.16&#8243; background_size=\u00bbinitial\u00bb background_position=\u00bbtop_left\u00bb background_repeat=\u00bbrepeat\u00bb global_colors_info=\u00bb{}\u00bb][et_pb_column type=\u00bb1_2&#8243; _builder_version=\u00bb4.16&#8243; custom_padding=\u00bb|||\u00bb global_colors_info=\u00bb{}\u00bb custom_padding__hover=\u00bb|||\u00bb][et_pb_text admin_label=\u00bbText\u00bb _builder_version=\u00bb4.16&#8243; background_size=\u00bbinitial\u00bb background_position=\u00bbtop_left\u00bb background_repeat=\u00bbrepeat\u00bb global_colors_info=\u00bb{}\u00bb custom_padding=\u00bb32px|||||\u00bb]<p class=\"s3\"><span class=\"s2\">Se realizan proyectos para la implementaci\u00f3n de un <strong>SGSI (Sistema de Gesti\u00f3n de seguridad de la informaci\u00f3n) <\/strong><\/span><span class=\"s2\"><strong>Norma ISO\/IEC 27001 2022<\/strong>, <\/span><span class=\"s2\">con las siguientes actividades <\/span><span class=\"s2\">principales<\/span><span class=\"s2\">:<\/span><\/p>\n<ul>\n<li class=\"s5\"><span class=\"s2\">Diagn\u00f3stico de la situaci\u00f3n actual para identificar brechas con la norma.<\/span><\/li>\n<li class=\"s5\"><span class=\"s2\">Plan de proyecto para la implementaci\u00f3n del SGSI seg\u00fan Norma ISO\/IEC 27001 2022<\/span><\/li>\n<li class=\"s5\"><span class=\"s2\">Declaraci\u00f3n de aplicabilidad (SOA) <\/span><span class=\"s2\">para presentar a partes interesadas.<\/span><\/li>\n<li class=\"s5\"><span class=\"s2\">Gesti\u00f3n de riesgos <\/span><\/li>\n<li class=\"s5\"><span class=\"s2\">Elaboraci\u00f3n <\/span><span class=\"s2\">de plan de continuidad del negocio <\/span><\/li>\n<li class=\"s5\"><span class=\"s2\">Auditor\u00edas internas <\/span><span class=\"s2\">programadas con Auditor Interno con competencias en ISO 19011 y 27002<\/span><\/li>\n<li class=\"s5\"><span class=\"s2\">Capacitaci\u00f3n para la mejora continua<\/span><\/li>\n<li class=\"s5\"><span class=\"s2\">Asesoramiento y acompa\u00f1amiento en las auditor\u00edas externas para la obtenci\u00f3n del certificado <\/span><\/li>\n<li class=\"s5\"><span class=\"s2\">Mejora continua: luego de la obtenci\u00f3n del certificado se inicia un ciclo de mejora continua <\/span><\/li>\n<\/ul>\n<p class=\"s3\"><span>\u00a0<\/span><\/p>\n<p class=\"s3\"><span class=\"s2\">Otros servicios relacionados con la seguridad de informaci\u00f3n sectorial:<\/span><\/p>\n<ul>\n<li class=\"s6\"><span class=\"s2\">Compliance con otras normativas de seguridad de la informaci\u00f3n <\/span><span class=\"s2\">utilizando las mejores pr\u00e1cticas y basandonos en Normas ISO mencionadas como apoyo.<\/span><\/li>\n<li class=\"s6\"><span class=\"s2\">Com <\/span><span class=\"s2\">A<\/span><span class=\"s2\"> BCRA 7777 y 7783 para banca y fintech respectivamnte<\/span><\/li>\n<li class=\"s6\"><span class=\"s2\">NIST<\/span><\/li>\n<li class=\"s6\"><span class=\"s2\">ENS-Normativa Espa\u00f1a<\/span><\/li>\n<\/ul>\n<p><span class=\"s2\"><\/span><\/p>\n<p><span class=\"s2\"><\/span><\/p>\n<p><span class=\"s2\">Lic. <a href=\"https:\/\/www.linkedin.com\/in\/n\u00e9stor-p-13258717\/\">N\u00e9stor Parrilla<\/a> (Consultor-Auditor Interno Norma ISO 27001- con competencias seg\u00fan Norma ISO 19011<\/span><\/p>[\/et_pb_text][\/et_pb_column][et_pb_column type=\u00bb1_2&#8243; _builder_version=\u00bb4.16&#8243; custom_padding=\u00bb|||\u00bb global_colors_info=\u00bb{}\u00bb custom_padding__hover=\u00bb|||\u00bb][et_pb_video_slider _builder_version=\u00bb4.16&#8243; _module_preset=\u00bbdefault\u00bb min_height=\u00bb487px\u00bb border_radii=\u00bbon|10px|10px|10px|10px\u00bb global_colors_info=\u00bb{}\u00bb][et_pb_video_slider_item src=\u00bbhttps:\/\/youtu.be\/EcG_b4Pl-kY\u00bb _builder_version=\u00bb4.5.6&#8243; _module_preset=\u00bbdefault\u00bb global_colors_info=\u00bb{}\u00bb show_image_overlay=\u00bboff\u00bb][\/et_pb_video_slider_item][et_pb_video_slider_item src=\u00bbhttps:\/\/youtu.be\/wQXvIAKtdxo\u00bb _builder_version=\u00bb4.5.6&#8243; _module_preset=\u00bbdefault\u00bb global_colors_info=\u00bb{}\u00bb show_image_overlay=\u00bboff\u00bb][\/et_pb_video_slider_item][et_pb_video_slider_item src=\u00bbhttps:\/\/youtu.be\/0WQlUKbuXP4&#8243; _builder_version=\u00bb4.5.6&#8243; _module_preset=\u00bbdefault\u00bb global_colors_info=\u00bb{}\u00bb show_image_overlay=\u00bboff\u00bb][\/et_pb_video_slider_item][\/et_pb_video_slider][\/et_pb_column][\/et_pb_row][et_pb_row _builder_version=\u00bb4.21.0&#8243; _module_preset=\u00bbdefault\u00bb column_structure=\u00bb1_3,1_3,1_3&#8243; hover_enabled=\u00bb0&#8243; sticky_enabled=\u00bb0&#8243;][et_pb_column _builder_version=\u00bb4.21.0&#8243; _module_preset=\u00bbdefault\u00bb type=\u00bb1_3&#8243;][\/et_pb_column][et_pb_column _builder_version=\u00bb4.21.0&#8243; _module_preset=\u00bbdefault\u00bb type=\u00bb1_3&#8243; hover_enabled=\u00bb0&#8243; sticky_enabled=\u00bb0&#8243;][et_pb_cta title=\u00bbAgende una Consultoria\u00bb button_text=\u00bbAqu\u00ed\u00bb _builder_version=\u00bb4.21.0&#8243; _module_preset=\u00bbdefault\u00bb button_url=\u00bbhttps:\/\/myths.talsoft-security.com\/schedule-call-6978-9283&#8243; hover_enabled=\u00bb0&#8243; sticky_enabled=\u00bb0&#8243; background_color=\u00bb#CB0519&#8243; header_text_color=\u00bb#FFFFFF\u00bb border_radii=\u00bbon|11px|11px|11px|11px\u00bb][\/et_pb_cta][\/et_pb_column][et_pb_column _builder_version=\u00bb4.21.0&#8243; _module_preset=\u00bbdefault\u00bb type=\u00bb1_3&#8243; hover_enabled=\u00bb0&#8243; sticky_enabled=\u00bb0&#8243;][\/et_pb_column][\/et_pb_row][\/et_pb_section][et_pb_section fb_built=\u00bb1&#8243; next_background_color=\u00bb#ffffff\u00bb admin_label=\u00bbFeedback\u00bb _builder_version=\u00bb4.16&#8243; use_background_color_gradient=\u00bbon\u00bb background_color_gradient_direction=\u00bb243deg\u00bb background_color_gradient_stops=\u00bb#cb0519 49%|#ffffff 100%\u00bb background_color_gradient_start=\u00bb#cb0519&#8243; background_color_gradient_start_position=\u00bb49%\u00bb background_color_gradient_end=\u00bb#ffffff\u00bb background_image=\u00bbhttps:\/\/www.talsoft.com.ar\/site\/wp-content\/uploads\/2020\/08\/cyber-security-12.png\u00bb background_size=\u00bbcontain\u00bb background_position=\u00bbtop_left\u00bb min_height=\u00bb1549px\u00bb overflow-x=\u00bbhidden\u00bb overflow-y=\u00bbhidden\u00bb custom_margin=\u00bb||\u00bb custom_padding=\u00bb13vw|||||\u00bb top_divider_height=\u00bb26vw\u00bb top_divider_flip=\u00bbhorizontal\u00bb bottom_divider_style=\u00bbasymmetric\u00bb bottom_divider_height=\u00bb22vw\u00bb collapsed=\u00bboff\u00bb global_colors_info=\u00bb{}\u00bb][et_pb_row column_structure=\u00bb1_2,1_2&#8243; _builder_version=\u00bb4.16&#8243; global_colors_info=\u00bb{}\u00bb][et_pb_column type=\u00bb1_2&#8243; _builder_version=\u00bb4.16&#8243; global_colors_info=\u00bb{}\u00bb][et_pb_testimonial author=\u00bbDavid Casta\u00f1eda\u00bb company_name=\u00bbProyectos Millennium\u00bb portrait_url=\u00bbhttps:\/\/www.talsoft.com.ar\/site\/wp-content\/uploads\/2020\/08\/foto4.jpeg\u00bb _builder_version=\u00bb4.16&#8243; _module_preset=\u00bbdefault\u00bb background_enable_color=\u00bboff\u00bb background_image=\u00bbhttps:\/\/www.talsoft.com.ar\/site\/wp-content\/uploads\/2014\/05\/bg_talsoft_1354x619.jpg\u00bb custom_padding=\u00bb||73px|||\u00bb border_radii=\u00bbon|20px|20px|20px|20px\u00bb global_colors_info=\u00bb{}\u00bb]<p>Muy agradecido, un servicio muy profesional y con resultados inmediatos en un tema muy delicado, como la seguridad inform\u00e1tica.<\/p>[\/et_pb_testimonial][et_pb_testimonial author=\u00bbRodrigo Alfaro \u00bb job_title=\u00bbCEO\u00bb company_name=\u00bbGemforce\u00bb portrait_url=\u00bbhttps:\/\/www.talsoft.com.ar\/site\/wp-content\/uploads\/2020\/08\/foto5.jpeg\u00bb _builder_version=\u00bb4.16&#8243; _module_preset=\u00bbdefault\u00bb background_color=\u00bbrgba(0,0,0,0)\u00bb background_image=\u00bbhttps:\/\/www.talsoft.com.ar\/site\/wp-content\/uploads\/2014\/05\/bg_talsoft_1354x619.jpg\u00bb border_radii=\u00bbon|20px|20px|20px|20px\u00bb global_colors_info=\u00bb{}\u00bb]<p>\u00abEstuvimos recibiendo ataques en nuestro sitio web, desde el momento que contactamos a Talsoft nos atendieron al instante y se involucraron en la soluci\u00f3n del problema, lo que m\u00e1s me impresiono fue su disponibilidad y empe\u00f1o en ayudarnos a resolver el problema.\u00bb<\/p>[\/et_pb_testimonial][et_pb_testimonial company_name=\u00bbAvisLatam\u00bb portrait_url=\u00bbhttps:\/\/www.talsoft.com.ar\/site\/wp-content\/uploads\/2020\/08\/foto1.jpeg\u00bb _builder_version=\u00bb4.16&#8243; _module_preset=\u00bbdefault\u00bb background_color=\u00bbrgba(0,0,0,0)\u00bb background_image=\u00bbhttps:\/\/www.talsoft.com.ar\/site\/wp-content\/uploads\/2014\/05\/bg_talsoft_1354x619.jpg\u00bb custom_padding=\u00bb||96px|||\u00bb border_radii=\u00bbon|20px|20px|20px|20px\u00bb global_colors_info=\u00bb{}\u00bb]<p>\u00abEntregaron un servicio de calidad y se acomodaron a los tiempos de entrega del proyecto, siendo que eran bastante acotados.\u00bb<\/p>[\/et_pb_testimonial][\/et_pb_column][et_pb_column type=\u00bb1_2&#8243; _builder_version=\u00bb4.16&#8243; custom_padding=\u00bb||\u00bb global_colors_info=\u00bb{}\u00bb][et_pb_testimonial author=\u00bbCarlos Bergia\u00bb job_title=\u00bbSysAdmin\u00bb company_name=\u00bbWcentrix\u00bb portrait_url=\u00bbhttps:\/\/www.talsoft.com.ar\/site\/wp-content\/uploads\/2020\/08\/foto3.jpeg\u00bb _builder_version=\u00bb4.16&#8243; _module_preset=\u00bbdefault\u00bb background_color=\u00bbrgba(0,0,0,0)\u00bb background_image=\u00bbhttps:\/\/www.talsoft.com.ar\/site\/wp-content\/uploads\/2014\/05\/bg_talsoft_1354x619.jpg\u00bb border_radii=\u00bbon|20px|20px|20px|20px\u00bb global_colors_info=\u00bb{}\u00bb]<p><span class=\"tlid-translation translation\"><span title=\"\">\u00abMucha facilidad de contacto con Talsoft, ya sea por mail o skype la comunicaci\u00f3n era muy r\u00e1pida. Con respecto al escaneo de vulnerabilidades, muy conforme con la herramienta.<\/span><\/span>\u00ab<\/p>[\/et_pb_testimonial][et_pb_testimonial author=\u00bbRicardo May\u00bb company_name=\u00bbNexuscom Arg.\u00bb portrait_url=\u00bbhttps:\/\/www.talsoft.com.ar\/site\/wp-content\/uploads\/2020\/08\/foto2.jpeg\u00bb _builder_version=\u00bb4.16&#8243; _module_preset=\u00bbdefault\u00bb background_color=\u00bbrgba(0,0,0,0)\u00bb background_image=\u00bbhttps:\/\/www.talsoft.com.ar\/site\/wp-content\/uploads\/2014\/05\/bg_talsoft_1354x619.jpg\u00bb custom_padding=\u00bb||70px|||\u00bb border_radii=\u00bbon|20px|20px|20px|20px\u00bb global_colors_info=\u00bb{}\u00bb]<p><span class=\"tlid-translation translation\"><span title=\"\">\u00abCon vuestros servicios de consultor\u00eda logramos mejorar la seguridad inform\u00e1tica de nuestros sistemas, permiti\u00e9ndonos alcanzar un nivel de excelencia y as\u00ed certificar PCI-DSS.<\/span><\/span>\u00ab<\/p>[\/et_pb_testimonial][et_pb_text _builder_version=\u00bb4.16&#8243; text_font=\u00bb||||||||\u00bb header_2_font=\u00bbOverpass|900|||||||\u00bb header_2_font_size=\u00bb56px\u00bb header_2_line_height=\u00bb1.1em\u00bb header_3_font=\u00bbOverpass|600|||||||\u00bb header_3_text_color=\u00bb#00b4ff\u00bb header_3_font_size=\u00bb30px\u00bb header_3_line_height=\u00bb1.2em\u00bb background_layout=\u00bbdark\u00bb header_2_font_size_tablet=\u00bb38px\u00bb header_2_font_size_phone=\u00bb26px\u00bb header_2_font_size_last_edited=\u00bbon|desktop\u00bb header_3_font_tablet=\u00bb\u00bb header_3_font_phone=\u00bbOverpass|700|||||||\u00bb header_3_font_last_edited=\u00bbon|phone\u00bb header_3_font_size_tablet=\u00bb24px\u00bb header_3_font_size_phone=\u00bb18px\u00bb header_3_font_size_last_edited=\u00bbon|desktop\u00bb locked=\u00bboff\u00bb global_colors_info=\u00bb{}\u00bb]<h3><\/h3>\n<h2><span style=\"font-size: xx-large;\">\u00bfPor qu\u00e9 controlar y conocer la seguridad inform\u00e1tica de su empresa?<\/span><\/h2>[\/et_pb_text][et_pb_divider color=\u00bb#00b4ff\u00bb divider_weight=\u00bb2px\u00bb _builder_version=\u00bb4.16&#8243; width=\u00bb100px\u00bb custom_margin=\u00bb||0px\u00bb global_colors_info=\u00bb{}\u00bb][\/et_pb_divider][et_pb_text _builder_version=\u00bb4.16&#8243; text_font=\u00bbOverpass|300|||||||\u00bb text_font_size=\u00bb17px\u00bb text_line_height=\u00bb1.8em\u00bb background_layout=\u00bbdark\u00bb text_font_size_tablet=\u00bb\u00bb text_font_size_phone=\u00bb14px\u00bb text_font_size_last_edited=\u00bbon|desktop\u00bb locked=\u00bboff\u00bb global_colors_info=\u00bb{}\u00bb]<p>Los principales <strong>consecuencias<\/strong> para tu <strong>negocio<\/strong> ante un <strong>ataque inform\u00e1tico<\/strong>, ocasiona <strong>p\u00e9rdida de dinero, robo de informaci\u00f3n, da\u00f1o de imagen \/ reputaci\u00f3n, problemas legales<\/strong>.<\/p>[\/et_pb_text][et_pb_button button_url=\u00bbhttps:\/\/myths.talsoft-security.com\/schedule-call-contacto\u00bb button_text=\u00bbCont\u00e1ctenos\u00bb button_alignment=\u00bbcenter\u00bb _builder_version=\u00bb4.21.0&#8243; custom_button=\u00bbon\u00bb button_text_size=\u00bb19px\u00bb button_text_color=\u00bb#ffffff\u00bb button_bg_color=\u00bbrgba(0,0,0,0)\u00bb button_border_width=\u00bb2px\u00bb button_border_color=\u00bb#ffffff\u00bb button_border_radius=\u00bb100px\u00bb button_font=\u00bbOverpass|900||on|||||\u00bb button_use_icon=\u00bboff\u00bb custom_padding=\u00bb17px|52px|17px|52px|true|true\u00bb box_shadow_style=\u00bbpreset3&#8243; box_shadow_vertical=\u00bb0px\u00bb box_shadow_blur=\u00bb0px\u00bb box_shadow_spread=\u00bb-10px\u00bb box_shadow_color=\u00bbrgba(25,114,255,0.4)\u00bb locked=\u00bboff\u00bb global_colors_info=\u00bb{}\u00bb box_shadow_color__hover=\u00bb#2585b2&#8243; box_shadow_blur__hover_enabled=\u00bbon\u00bb box_shadow_blur__hover=\u00bb40px\u00bb box_shadow_vertical__hover_enabled=\u00bbon\u00bb box_shadow_vertical__hover=\u00bb10px\u00bb][\/et_pb_button][\/et_pb_column][\/et_pb_row][et_pb_row column_structure=\u00bb1_2,1_2&#8243; _builder_version=\u00bb4.16&#8243; custom_padding=\u00bb0px||0px|||\u00bb global_colors_info=\u00bb{}\u00bb][et_pb_column type=\u00bb1_2&#8243; _builder_version=\u00bb4.16&#8243; global_colors_info=\u00bb{}\u00bb][\/et_pb_column][et_pb_column type=\u00bb1_2&#8243; _builder_version=\u00bb4.16&#8243; global_colors_info=\u00bb{}\u00bb][et_pb_image src=\u00bbhttps:\/\/www.talsoft.com.ar\/site\/wp-content\/uploads\/2020\/08\/cyber-security-15.jpg\u00bb _builder_version=\u00bb4.16&#8243; transform_scale_tablet=\u00bb100%|100%\u00bb transform_scale_phone=\u00bb\u00bb transform_scale_last_edited=\u00bbon|desktop\u00bb transform_translate=\u00bb10vw|0px\u00bb transform_translate_tablet=\u00bb0vw|0vw\u00bb transform_translate_phone=\u00bb\u00bb transform_translate_last_edited=\u00bbon|desktop\u00bb transform_translate_linked=\u00bboff\u00bb transform_rotate=\u00bb0deg|0deg|318deg\u00bb transform_rotate_tablet=\u00bb0deg|0deg|14deg\u00bb transform_rotate_phone=\u00bb\u00bb transform_rotate_last_edited=\u00bbon|desktop\u00bb transform_skew_tablet=\u00bb\u00bb transform_skew_phone=\u00bb\u00bb transform_skew_last_edited=\u00bbon|desktop\u00bb transform_origin_tablet=\u00bb\u00bb transform_origin_phone=\u00bb\u00bb transform_origin_last_edited=\u00bbon|desktop\u00bb transform_styles_last_edited=\u00bbon|desktop\u00bb custom_margin=\u00bb|-30vw|8vw||false\u00bb transform_styles_tablet=\u00bb\u00bb transform_styles_phone=\u00bb\u00bb border_radii=\u00bbon|500px|500px|500px|500px\u00bb locked=\u00bboff\u00bb global_colors_info=\u00bb{}\u00bb][\/et_pb_image][\/et_pb_column][\/et_pb_row][\/et_pb_section]\n","protected":false},"excerpt":{"rendered":"<p>Se realizan proyectos para la implementaci\u00f3n de un SGSI (Sistema de Gesti\u00f3n de seguridad de la informaci\u00f3n) Norma ISO\/IEC 27001 2022, con las siguientes actividades principales: Diagn\u00f3stico de la situaci\u00f3n actual para identificar brechas con la norma. Plan de proyecto para la implementaci\u00f3n del SGSI seg\u00fan Norma ISO\/IEC 27001 2022 Declaraci\u00f3n de aplicabilidad (SOA) para [&hellip;]<\/p>\n","protected":false},"author":3,"featured_media":0,"parent":1191,"menu_order":0,"comment_status":"closed","ping_status":"open","template":"","meta":{"_et_pb_use_builder":"on","_et_pb_old_content":"<p style=\"text-align: justify;\"><span class=\"intelliTXT\">Las empresas que <strong>almacenan, procesan o transmiten informaci\u00f3n con tarjetas de cr\u00e9dito est\u00e1n obligadas<\/strong> por las principales marcas de tarjetas (Visa, Mastercard, etc.),<strong> a cumplir con un conjunto de normas conocidas como Est\u00e1ndares de Seguridad de Datos de pago<\/strong> (PCI-DSS).<\/span><\/p>\n<p style=\"text-align: justify;\"><strong>PCI DSS<\/strong> son una serie de normas que est\u00e1n desarrolladas <strong>para proteger los datos de los due\u00f1os de tarjetas de cr\u00e9dito<\/strong> durante, y despu\u00e9s, de una transacci\u00f3n financiera.<\/p>\nExisten 6 categor\u00edas de est\u00e1ndares a cumplir:\n<ol>\n \t<li>Construir y mantener una red segura.<\/li>\n \t<li>Proteger los datos del due\u00f1o de la tarjeta.<\/li>\n \t<li>Mantener un programa de gesti\u00f3n de vulnerabilidades.<\/li>\n \t<li>Implementar medidas fuertes de control de acceso.<\/li>\n \t<li>Monitorizar y probar las redes regularmente.<\/li>\n \t<li>Mantener una pol\u00edtica de seguridad de la informaci\u00f3n.<\/li>\n<\/ol>\n<strong>Informaci\u00f3n PCI DSS<\/strong>:\u00a0 <a href=\"https:\/\/www.pcisecuritystandards.org\/\">Aqu\u00ed<\/a>\n<p style=\"text-align: justify;\"><strong>Talsoft<\/strong> permite <strong>complementar y acompa\u00f1ar a la empresa a su certificaci\u00f3n PCI DSS<\/strong><\/p>\n<p style=\"text-align: center;\">[tw_pricing_table column=\"2\" price_category_list=\"pci\"]<\/p>\n<p style=\"text-align: justify;\">[tw_divider type=\"space\" height=\"50\"]<\/p>\n<p style=\"text-align: justify;\">Al conocer el nivel de seguridad inform\u00e1tica de su empresa, podr\u00e1 <em><strong>mejorar la seguridad de su negocio<\/strong> y <strong>estar preparado frente ataques <\/strong><\/em>por intrusos inform\u00e1ticos. <em><strong>Evitar\u00e1 el robo\/fuga de informaci\u00f3n confidencia<\/strong>l<\/em>, porque tendr\u00e1 un conocimiento real de la seguridad y podr\u00e1 <strong>tomar decisiones pro-activas<\/strong> frente a un ataque cibern\u00e9tico. <em><strong>Minimizar\u00e1 las p\u00e9rdidas de dinero y maximizar\u00e1 sus ganancias<\/strong><\/em> al tener el control del estado de seguridad en su empresa. Sus clientes\/inversores\/proveedores notar\u00e1n que se preocupa por los datos confidenciales en su empresa y <em><strong>mejorar\u00e1 su imagen\/prestigio.<\/strong> <strong>Nuestros profesionales trabajan en forma artesanal<\/strong><\/em>, de la misma forma que lo hace un intruso pero autorizado por usted, este es un<em> <strong>valor incalculable<\/strong><\/em> para su empresa. Tendr\u00e1 a su disposici\u00f3n <strong>expertos en seguridad inform\u00e1tica<\/strong> que lo ayudar\u00e1n en dar respuestas a los incidentes y toma de decisiones en forma personalizada.<\/p>\n<span style=\"text-decoration: underline;\"><strong>Este es el momento de empezar a proteger su negocio<\/strong><\/span>. Obtenga<span style=\"text-decoration: underline;\"><strong> sin costo su cotizaci\u00f3n personalizada<\/strong> <\/span>con nuestros expertos, <span style=\"text-decoration: underline;\"><strong>ahora mismo<\/strong>...<\/span>\n<p style=\"text-align: center;\">[tw_button icon=\"\" link=\"http:\/\/www.talsoft.com.ar\/site\/obtener-una-cotizacion\/\" size=\"medium\" rounded=\"true\" style=\"flat\" hover=\"default\" color=\"#f01d1d\" target=\"_blank\"]Obtener una cotizaci\u00f3n[\/tw_button]<\/p>","_et_gb_content_width":"","footnotes":""},"class_list":["post-2540","page","type-page","status-publish","hentry"],"_links":{"self":[{"href":"https:\/\/www.talsoft.com.ar\/site\/wp-json\/wp\/v2\/pages\/2540","targetHints":{"allow":["GET"]}}],"collection":[{"href":"https:\/\/www.talsoft.com.ar\/site\/wp-json\/wp\/v2\/pages"}],"about":[{"href":"https:\/\/www.talsoft.com.ar\/site\/wp-json\/wp\/v2\/types\/page"}],"author":[{"embeddable":true,"href":"https:\/\/www.talsoft.com.ar\/site\/wp-json\/wp\/v2\/users\/3"}],"replies":[{"embeddable":true,"href":"https:\/\/www.talsoft.com.ar\/site\/wp-json\/wp\/v2\/comments?post=2540"}],"version-history":[{"count":35,"href":"https:\/\/www.talsoft.com.ar\/site\/wp-json\/wp\/v2\/pages\/2540\/revisions"}],"predecessor-version":[{"id":7018,"href":"https:\/\/www.talsoft.com.ar\/site\/wp-json\/wp\/v2\/pages\/2540\/revisions\/7018"}],"up":[{"embeddable":true,"href":"https:\/\/www.talsoft.com.ar\/site\/wp-json\/wp\/v2\/pages\/1191"}],"wp:attachment":[{"href":"https:\/\/www.talsoft.com.ar\/site\/wp-json\/wp\/v2\/media?parent=2540"}],"curies":[{"name":"wp","href":"https:\/\/api.w.org\/{rel}","templated":true}]}}