
{"id":171,"date":"2007-05-06T11:37:56","date_gmt":"2007-05-06T14:37:56","guid":{"rendered":"http:\/\/talsoft.com.ar\/weblog\/?page_id=171"},"modified":"2009-07-01T08:39:12","modified_gmt":"2009-07-01T11:39:12","slug":"antivirus-instalacion-y-actualizacion","status":"publish","type":"page","link":"https:\/\/www.talsoft.com.ar\/site\/es\/varios\/cruzada-anti-fraude-de-segu-info\/antivirus-instalacion-y-actualizacion\/","title":{"rendered":"Antivirus, instalaci\u00f3n y actualizaci\u00f3n"},"content":{"rendered":"<p>Parece trivial, y hasta de poca importancia, hablar de Antivirus en esta  \u00e9poca en donde se supone que todos los usuarios deber\u00c3\u00edamos conocer de que se  trata y el porqu\u00c3\u00a9 de la importancia de estas aplicaciones.<\/p>\n<p>La pr\u00c3\u00a1ctica y la experiencia demuestran que cuanto m\u00c3\u00a1s usado es un sistema,  existir\u00c3\u00a1 mayor posibilidad de que el mismo sea blanco de ataques. Esto \u00c3\u00baltimo  sin duda est\u00c3\u00a1 ocurriendo con Mac OX, Linux y los sistemas operativos para  m\u00c3\u00b3viles, que al volverse populares ser\u00c3\u00a1n utilizados como futura base de  desarrollo de <a href=\"http:\/\/talsoft.com.ar\/weblog\/malware.html\">malware<\/a>.<\/p>\n<h3>\u00c2\u00bfPor qu\u00c3\u00a9 existen los antivirus?<\/h3>\n<p>Estos programas son la respuesta natural de los profesionales de seguridad a  un mal que nos ataca a todos: la creaci\u00c3\u00b3n de malware (conocida generalmente como  virus inform\u00c3\u00a1ticos). El <a href=\"http:\/\/talsoft.com.ar\/weblog\/malware.html\">malware<\/a> es software da\u00c3\u00b1ino y  actualmente su objetivo es claro: <strong>obtener su dinero<\/strong>.<\/p>\n<h3>Pero, \u00c2\u00bfqu\u00c3\u00a9 es un antivirus y por qu\u00c3\u00a9 se debe contar con uno?<\/h3>\n<p>Un <strong>antivirus<\/strong> es una gran base de datos con la \u00abhuella  digital\u00bb de todos los virus conocidos para identificarlos y tambi\u00c3\u00a9n con las  pautas que m\u00c3\u00a1s contienen los virus. Esta \u00abhuella digital\u00bb no es m\u00c3\u00a1s que un  conjunto de bits que identifican (deber\u00c3\u00adan identificar) un\u00c3\u00advocamente a un  programa da\u00c3\u00b1ino y recibe el nombre de firma.<\/p>\n<p>Se crean cientos de nuevas amenazas por d\u00c3\u00ada y las casas antivirus deben crear  las firmas correspondientes a cada una de ellas para identificar estas amenazas  en los equipos de los usuarios. En este punto radica la importancia de las  actualizaciones, ya que cada vez que un programa antivirus actualiza su base de  firmas, est\u00c3\u00a1 agregando nuevo malware que puede ser identificado y por ende nos  est\u00c3\u00a1 protegiendo.<\/p>\n<p>Como es f\u00c3\u00a1cil imaginar no existe un laboratorio capaz de controlar semejante  volumen de muestras, y si existe la soluci\u00c3\u00b3n de tener a cientos de expertos  analizando c\u00c3\u00b3digo, no es una soluci\u00c3\u00b3n escalable en el tiempo (no se pueden  seguir contratando expertos cada vez que aumenta el caudal de muestras).<\/p>\n<p>Desde el punto de vista del usuario, la utilizaci\u00c3\u00b3n de firmas, como \u00c3\u00banico  m\u00c3\u00a9todo de reconocimiento de malware, tampoco es una soluci\u00c3\u00b3n \u00c3\u00b3ptima, porque  puede suceder que el usuario tenga instalado su antivirus, pero por razones  diversas el mismo no se actualice (fallo en la conexi\u00c3\u00b3n a Internet, por  ejemplo).<\/p>\n<p>Tambi\u00c3\u00a9n puede ocurrir que el usuario mantenga su antivirus actualizado, pero  ocurra una demora en la detecci\u00c3\u00b3n por parte de la empresa, ya que no todas las  organizaciones responden con la misma velocidad ante todas las amenazas.<\/p>\n<p>Como puede verse, ya sea desde el punto de vista de la empresa antivirus como  desde los beneficios para el usuario, el uso de firmas no es la alternativa m\u00c3\u00a1s  eficiente. Para solventar este problema la industria antivirus utiliza la  <strong>heur\u00c3\u00adstica<\/strong>, que mediante t\u00c3\u00a9cnicas inteligentes puede determinar  con cierto grado de eficacia si un c\u00c3\u00b3digo que intenta ejecutarse puede ser  da\u00c3\u00b1ino para el sistema o no.<\/p>\n<p>En resumen existen dos formas b\u00c3\u00a1sicas de detectar un programa da\u00c3\u00b1ino por  parte de un antivirus: la utilizaci\u00c3\u00b3n de firmas y la heur\u00c3\u00adstica. Estas dos  alternativas no son excluyentes y trabajan juntas para lugrar mayor capacidad de  detecci\u00c3\u00b3n, velocidad y rendimiento.<\/p>\n<p>Es normal que la protecci\u00c3\u00b3n antivirus sea brindada de dos formas:<\/p>\n<ul>\n<li>el monitor residente en memoria, que verifica todo archivo que est\u00c3\u00a1 siendo  procesado por el sistema. Nunca se debe desactivar.<\/li>\n<li>el scanner, que es el buscador que se activa a petici\u00c3\u00b3n del usuario para  buscar amenazas en cualquier unidad de disco.<\/li>\n<\/ul>\n<h3>Entonces, \u00c2\u00bfinstalo un antivirus y se terminan mis problemas?<\/h3>\n<p>No, ning\u00c3\u00ban problema es tan trivial, y como se explic\u00c3\u00b3 anteriormente aparecen  nuevas amenazas con nuevas caracter\u00c3\u00adsticas cada d\u00c3\u00ada, lo que hace imposible que  un software pueda controlar todos sus actos. La soluci\u00c3\u00b3n, nuevamente, pasa por  la aplicaci\u00c3\u00b3n de tecnolog\u00c3\u00ada (en este caso la instalaci\u00c3\u00b3n de un antivirus) y la  capacitaci\u00c3\u00b3n sobre como puede ser vulnerada su seguridad.<\/p>\n<p>Los consejos que pueden darse en este caso radican en:<\/p>\n<ul>\n<li>Selecciona un programa antivirus y actualizalo constantemente. Hay <a href=\"http:\/\/talsoft.com.ar\/av\/empresas.htm\">muchos<\/a> pagos, gratuitos y Open Source. La  discusi\u00c3\u00b3n por cual es el mejor de ellos no tiene demasiado sentido y lo  importante es que logres confianza en su utilizaci\u00c3\u00b3n pero sobre todo desarrolles  la capacidad de aprender que un programa (ni 10) no es la soluci\u00c3\u00b3n definitiva.<\/li>\n<li>No descargues programas de sitios de baja reputaci\u00c3\u00b3n.<\/li>\n<li>No descargues adjuntos que no solicitaste.<\/li>\n<li>Scanea los adjuntos que solicitaste, sin importar quien te los haya enviado.<\/li>\n<li>No descargues programas ofrecidos en el <a href=\"http:\/\/talsoft.com.ar\/weblog\/consejo-05.html\">chat<\/a>.<\/li>\n<li><a href=\"http:\/\/talsoft.com.ar\/weblog\/consejo-03.html\">Configura de manera adecuada tu navegador y  cliente de correo<\/a>.<\/li>\n<li>Actualiza el sistema operativo y las aplicaciones que utilizas, siempre.<\/li>\n<li>Utiliza un <a href=\"http:\/\/talsoft.com.ar\/weblog\/consejo-16.html\">programa antispyware<\/a>.<\/li>\n<li>Utiliza el criterio y el sentido com\u00c3\u00ban. Nada se regala, nada es gratis, lo  que suele llegar sin que lo hayas pedido generalmente es un enga\u00c3\u00b1o.<\/li>\n<\/ul>\n<div class=\"box\">\n<h3>Modo Paranoico<\/h3>\n<p>Escanea <strong>siempre<\/strong> cualquier archivo que ingresa a tu  computadora.<\/p>\n<p>Si es posible utiliza dos programas antivirus, uno en modo residente y otro  para el scaneo de todo el sistema, pero <strong>nunca<\/strong> utilices los dos  en forma residente.<\/p>\n<p>Scanea tu sistema completo al menos una vez al mes.<\/p>\n<p>No creas en el mito de que si posees un sistema operativo distinto de Windows  estar\u00c3\u00a1s a salvo. Como se mencion\u00c3\u00b3 al principio, es posible que al aumentar la  tasa de uso de estos sistemas, aumente la posibilidad de ser infectado.<\/p>\n<p>Recuerda que los creadores de malware actual s\u00c3\u00b3lo tienen una cosa en mente:  <strong>tu dinero<\/strong>.<\/div>\n","protected":false},"excerpt":{"rendered":"<p>Parece trivial, y hasta de poca importancia, hablar de Antivirus en esta \u00e9poca en donde se supone que todos los usuarios deber\u00c3\u00edamos conocer de que se trata y el porqu\u00c3\u00a9 de la importancia de estas aplicaciones. La pr\u00c3\u00a1ctica y la experiencia demuestran que cuanto m\u00c3\u00a1s usado es un sistema, existir\u00c3\u00a1 mayor posibilidad de que el [&hellip;]<\/p>\n","protected":false},"author":3,"featured_media":0,"parent":162,"menu_order":0,"comment_status":"open","ping_status":"open","template":"","meta":{"_et_pb_use_builder":"","_et_pb_old_content":"","_et_gb_content_width":"","footnotes":""},"class_list":["post-171","page","type-page","status-publish","hentry"],"_links":{"self":[{"href":"https:\/\/www.talsoft.com.ar\/site\/wp-json\/wp\/v2\/pages\/171","targetHints":{"allow":["GET"]}}],"collection":[{"href":"https:\/\/www.talsoft.com.ar\/site\/wp-json\/wp\/v2\/pages"}],"about":[{"href":"https:\/\/www.talsoft.com.ar\/site\/wp-json\/wp\/v2\/types\/page"}],"author":[{"embeddable":true,"href":"https:\/\/www.talsoft.com.ar\/site\/wp-json\/wp\/v2\/users\/3"}],"replies":[{"embeddable":true,"href":"https:\/\/www.talsoft.com.ar\/site\/wp-json\/wp\/v2\/comments?post=171"}],"version-history":[{"count":1,"href":"https:\/\/www.talsoft.com.ar\/site\/wp-json\/wp\/v2\/pages\/171\/revisions"}],"predecessor-version":[{"id":537,"href":"https:\/\/www.talsoft.com.ar\/site\/wp-json\/wp\/v2\/pages\/171\/revisions\/537"}],"up":[{"embeddable":true,"href":"https:\/\/www.talsoft.com.ar\/site\/wp-json\/wp\/v2\/pages\/162"}],"wp:attachment":[{"href":"https:\/\/www.talsoft.com.ar\/site\/wp-json\/wp\/v2\/media?parent=171"}],"curies":[{"name":"wp","href":"https:\/\/api.w.org\/{rel}","templated":true}]}}