
{"id":1096,"date":"2011-01-03T14:08:55","date_gmt":"2011-01-03T17:08:55","guid":{"rendered":"http:\/\/www.talsoft.com.ar\/index.php"},"modified":"2012-11-14T17:22:43","modified_gmt":"2012-11-14T20:22:43","slug":"soluciones-open-source-para-empresas","status":"publish","type":"page","link":"https:\/\/www.talsoft.com.ar\/site\/es\/servicios\/administracion-tecnologicas\/soluciones-open-source-para-empresas\/","title":{"rendered":"Soluciones Open Source para Empresas"},"content":{"rendered":"<p style=\"text-align: justify;\">Brindamos instalaci\u00f3n, configuraci\u00f3n,\u00a0 mantenimiento y soporte Open Source para Empresas &#8211; Pymes. Las diferentes soluciones dan una alternativa mas econ\u00f3mica al cliente por los siguientes motivos:<\/p>\n<p style=\"text-align: justify;\"><strong>Beneficios:<\/strong><\/p>\n<ul>\n<li>Ahorrro de dinero en Licencias privativas.<\/li>\n<li>Uso de software Open Source para sus tareas diarias.<\/li>\n<li>Bajo costo de mantenimiento y soporte del servicio.<\/li>\n<li>Menor costo de inversi\u00f3n en la implementaci\u00f3n.<\/li>\n<li>Evite multas de organismos legales por uso de sistemas con licencias inv\u00e1lidas.<\/li>\n<\/ul>\n<h3>Sistema Empresarial Colaborativo<\/h3>\n<p style=\"text-align: justify;\">Es un servidor completo de mensajer\u00eda y colaboraci\u00f3n con tecnolog\u00eda de cliente web AJAX. Incluye las funcionalidades de correo electr\u00f3nico, contactos, calendario, documentos, mensajer\u00eda instant\u00e1nea, tareas, y sincronizaci\u00f3n con otras aplicaciones y dispositivos.<\/p>\n<p><a href=\"http:\/\/www.talsoft.com.ar\/site\/wp-content\/uploads\/2011\/01\/trabajocolaborativo.jpg\"><img loading=\"lazy\" decoding=\"async\" class=\"aligncenter size-thumbnail wp-image-1258\" title=\"trabajocolaborativo\" src=\"http:\/\/www.talsoft.com.ar\/site\/wp-content\/uploads\/2011\/01\/trabajocolaborativo-250x250.jpg\" alt=\"\" width=\"250\" height=\"250\" srcset=\"https:\/\/www.talsoft.com.ar\/site\/wp-content\/uploads\/2011\/01\/trabajocolaborativo-250x250.jpg 250w, https:\/\/www.talsoft.com.ar\/site\/wp-content\/uploads\/2011\/01\/trabajocolaborativo.jpg 300w\" sizes=\"auto, (max-width: 250px) 100vw, 250px\" \/><\/a><\/p>\n<p><strong>Obtener un Presupuesto<\/strong> : <a href=\"https:\/\/spreadsheets.google.com\/viewform?formkey=dERaQTYwSVQyWXpheTBmYm8zZEFlY2c6MQ\">Aqu\u00ed<\/a><\/p>\n<h3>Soluci\u00f3n de Backup Centralizado<\/h3>\n<p style=\"text-align: justify;\">Es una soluci\u00f3n que permite realizar copias de respaldo de la informaci\u00f3n de la empresa,tener un historial de resguardo durante un lapso de tiempo definido y recuperar los datos cuando se necesite.<\/p>\n<p style=\"text-align: justify;\">Puede utilizarse en multiples plataformas como Linux, Windows, etc.<\/p>\n<p style=\"text-align: justify;\"><a href=\"http:\/\/www.talsoft.com.ar\/site\/wp-content\/uploads\/2011\/01\/bacula-general-simple_thumb.png\"><img loading=\"lazy\" decoding=\"async\" class=\"aligncenter size-medium wp-image-1256\" title=\"bacula-general-simple_thumb\" src=\"http:\/\/www.talsoft.com.ar\/site\/wp-content\/uploads\/2011\/01\/bacula-general-simple_thumb-397x300.png\" alt=\"\" width=\"397\" height=\"300\" srcset=\"https:\/\/www.talsoft.com.ar\/site\/wp-content\/uploads\/2011\/01\/bacula-general-simple_thumb-397x300.png 397w, https:\/\/www.talsoft.com.ar\/site\/wp-content\/uploads\/2011\/01\/bacula-general-simple_thumb-300x226.png 300w, https:\/\/www.talsoft.com.ar\/site\/wp-content\/uploads\/2011\/01\/bacula-general-simple_thumb.png 641w\" sizes=\"auto, (max-width: 397px) 100vw, 397px\" \/><\/a><\/p>\n<p><strong>Obtener un Presupuesto<\/strong> : <a href=\"https:\/\/spreadsheets.google.com\/viewform?formkey=dERaQTYwSVQyWXpheTBmYm8zZEFlY2c6MQ\">Aqu\u00ed<\/a><\/p>\n<h3>Soluci\u00f3n Appliance para Pymes<\/h3>\n<p style=\"text-align: justify;\">Es una soluci\u00f3n que ofrece\u00a0 todos los servicios necesarios para abordar la gesti\u00f3n y administraci\u00f3n de los servicios esenciales para arrancar una peque\u00f1a o mediana empresa:<\/p>\n<p style=\"text-align: center;\"><a href=\"http:\/\/www.talsoft.com.ar\/site\/wp-content\/uploads\/2011\/01\/zentyal.png\"><img loading=\"lazy\" decoding=\"async\" class=\"aligncenter size-full wp-image-1254\" title=\"zentyal\" src=\"http:\/\/www.talsoft.com.ar\/site\/wp-content\/uploads\/2011\/01\/zentyal.png\" alt=\"\" width=\"298\" height=\"286\" srcset=\"https:\/\/www.talsoft.com.ar\/site\/wp-content\/uploads\/2011\/01\/zentyal.png 496w, https:\/\/www.talsoft.com.ar\/site\/wp-content\/uploads\/2011\/01\/zentyal-259x250.png 259w, https:\/\/www.talsoft.com.ar\/site\/wp-content\/uploads\/2011\/01\/zentyal-311x300.png 311w\" sizes=\"auto, (max-width: 298px) 100vw, 298px\" \/><\/a><\/p>\n<ul>\n<li><strong>Gesti\u00f3n de red<\/strong>: <a href=\"http:\/\/bitelia.com\/tag\/firewall\">firewall<\/a>, servidor <a href=\"http:\/\/bitelia.com\/tag\/dhcp\">DHCP<\/a>, servidor NTP, servidor <a href=\"http:\/\/bitelia.com\/tag\/dns\">DNS<\/a>,\u00a0 soporte de <a href=\"http:\/\/bitelia.com\/tag\/vpn\">VPN<\/a>, proxy HTTP (cach\u00e9, filtrado de contenidos, etc)<\/li>\n<li><strong>Servidor de correo<\/strong>: <a href=\"http:\/\/bitelia.com\/tag\/pop3\">POP3<\/a> e <a href=\"http:\/\/bitelia.com\/tag\/imap\">IMAP<\/a> con SSL\/TLS, filtro antispam y <a href=\"http:\/\/bitelia.com\/tag\/antivirus\">antivirus<\/a>, webmail, etc.<\/li>\n<li><strong>Comunicaciones<\/strong>: FTP, centralita de VoIP y servidor <a href=\"http:\/\/bitelia.com\/tag\/jabber\">Jabber<\/a> de mensajer\u00eda instant\u00e1nea.<\/li>\n<li><strong>Compartici\u00f3n de recursos y trabajo en grupo<\/strong>: servidor de archivos, servidor de impresi\u00f3n y groupware (agenda, contactos tareas, etc).<\/li>\n<li><strong>Gesti\u00f3n centralizada de usuarios<\/strong>: mediante LDAP, sincronizaci\u00f3n con <em>Active Directory<\/em> de <a href=\"http:\/\/bitelia.com\/tag\/windows\">Windows<\/a>, controlador primario de dominio de Windows (PDC), etc.<\/li>\n<li><strong>Autoridad de certificaci\u00f3n<\/strong><\/li>\n<\/ul>\n<p>Puede utilizarse en multiples plataformas como Linux, Windows, etc.<\/p>\n<p><strong>Obtener un Presupuesto<\/strong> : <a href=\"https:\/\/spreadsheets.google.com\/viewform?formkey=dERaQTYwSVQyWXpheTBmYm8zZEFlY2c6MQ\">Aqu\u00ed<\/a><\/p>\n<h3>Otras soluciones para la empresa<\/h3>\n<ul>\n<li>Implementaci\u00f3n de Firewall<\/li>\n<li>Implementaci\u00f3n de DNS Interno<\/li>\n<li>Implementaci\u00f3n de Proxy interno<\/li>\n<li>Implementaci\u00f3n de Repositorio de archivos<\/li>\n<li>Implementaci\u00f3n de Backup centralizado<\/li>\n<li>Implementaci\u00f3n de Monitoreo de servicios<\/li>\n<li>Implementaci\u00f3n de Monitoreo de Seguridad Inform\u00e1tica<\/li>\n<\/ul>\n<p><strong>Obtener un Presupuesto<\/strong> : <a href=\"https:\/\/spreadsheets.google.com\/viewform?formkey=dERaQTYwSVQyWXpheTBmYm8zZEFlY2c6MQ\">Aqu\u00ed<\/a><\/p>\n<h3>No dude en consultarnos<\/h3>\n<p>Si desea conocer mas a fondo nuestros servicios, cont\u00e1ctese con nosotros por medio de nuestro mail. consultas[at]talsoft.com.ar<\/p>\n","protected":false},"excerpt":{"rendered":"<p>Brindamos instalaci\u00f3n, configuraci\u00f3n,\u00a0 mantenimiento y soporte Open Source para Empresas &#8211; Pymes. Las diferentes soluciones dan una alternativa mas econ\u00f3mica al cliente por los siguientes motivos: Beneficios: Ahorrro de dinero en Licencias privativas. Uso de software Open Source para sus tareas diarias. Bajo costo de mantenimiento y soporte del servicio. Menor costo de inversi\u00f3n en [&hellip;]<\/p>\n","protected":false},"author":3,"featured_media":0,"parent":1197,"menu_order":2,"comment_status":"closed","ping_status":"closed","template":"","meta":{"_et_pb_use_builder":"","_et_pb_old_content":"","_et_gb_content_width":"","footnotes":""},"class_list":["post-1096","page","type-page","status-publish","hentry"],"_links":{"self":[{"href":"https:\/\/www.talsoft.com.ar\/site\/wp-json\/wp\/v2\/pages\/1096","targetHints":{"allow":["GET"]}}],"collection":[{"href":"https:\/\/www.talsoft.com.ar\/site\/wp-json\/wp\/v2\/pages"}],"about":[{"href":"https:\/\/www.talsoft.com.ar\/site\/wp-json\/wp\/v2\/types\/page"}],"author":[{"embeddable":true,"href":"https:\/\/www.talsoft.com.ar\/site\/wp-json\/wp\/v2\/users\/3"}],"replies":[{"embeddable":true,"href":"https:\/\/www.talsoft.com.ar\/site\/wp-json\/wp\/v2\/comments?post=1096"}],"version-history":[{"count":15,"href":"https:\/\/www.talsoft.com.ar\/site\/wp-json\/wp\/v2\/pages\/1096\/revisions"}],"predecessor-version":[{"id":1139,"href":"https:\/\/www.talsoft.com.ar\/site\/wp-json\/wp\/v2\/pages\/1096\/revisions\/1139"}],"up":[{"embeddable":true,"href":"https:\/\/www.talsoft.com.ar\/site\/wp-json\/wp\/v2\/pages\/1197"}],"wp:attachment":[{"href":"https:\/\/www.talsoft.com.ar\/site\/wp-json\/wp\/v2\/media?parent=1096"}],"curies":[{"name":"wp","href":"https:\/\/api.w.org\/{rel}","templated":true}]}}